h + 207. List the prime factors of y.
2, 3, 19
Let u(q) = 45*q - 8. Suppose -21 = -11*a + 12. Suppose -m - h + 8 = 0, -10 = -a*m - 0*h + 4*h. List the prime factors of u(m).
2, 131
Let c(l) = 7*l + 48. Let u be c(-6). What are the prime factors of -2 + u + (-5)/(15/(-159))?
3, 19
Let v(k) = -69*k - 30. Let j(t) = -t + 9. Let s be j(31). List the prime factors of v(s).
2, 3, 31
Let d(w) = 20*w + 1391. Let y be d(-69). Suppose 0 = 5*m - 4*z + 6*z - 4799, z - 961 = -m. Suppose y*o = 4*o + m. List the prime factors of o.
137
Let z(i) = -123*i - 125. Let v(j) = -245*j - 249. Let n(c) = -4*v(c) + 7*z(c). What are the prime factors of n(8)?
29, 37
Let t be 1877/(-3) - 8/24. Let a = 1113 + t. Suppose 4*l - 133 = -o - 0*o, 4*o + l - a = 0. What are the prime factors of o?
11
Let z(y) = 151*y**3 + 3*y**2 + 210*y - 814. What are the prime factors of z(4)?
2, 3, 541
Let s be (0/2)/((-2)/2 - -2). Suppose 0 = -2*z - x - s*x + 2, -6 = 3*z - 3*x. Suppose -5*a + 510 = -2*i, i + z*i - 102 = -a. List the prime factors of a.
2, 3, 17
Suppose 0 = -s - 5*i - 18, -26*i = 3*s - 29*i - 18. What are the prime factors of 989/s - (55/10 + -6)?
3, 5, 11
Suppose 5*r = -5*p + 2*r + 8, -5*p = 5*r. Suppose -p*n + 1076 = -5*m + 8*m, -n + 5*m = -246. What are the prime factors of n?
2, 7, 19
Suppose -5797 = -5*h - 21*v + 18*v, -4*v = -16. List the prime factors of h.
13, 89
Let o(u) = -150*u + 1071. List the prime factors of o(3).
3, 23
What are the prime factors of (0 - -3527)/(-97 - -98)?
3527
Let y = -2961 - -9022. List the prime factors of y.
11, 19, 29
Let a(o) = 924*o**3 - 3*o**2 - 3*o - 2. Let h be a(-1). Let g = h - -2252. What are the prime factors of g?
2, 3, 13, 17
Let u(h) = 5*h**2 - 3*h - 6 - 5*h**2 - 2*h**3 - 9*h**2 + 5. Let r be u(-4). List the prime factors of 3/15 - 29/r.
2, 3
Suppose 4*n + 19235 = 9*n. Suppose -p - p - n = -5*j, j - 759 = 3*p. List the prime factors of j.
3, 257
Let j = 5899 - -22564. What are the prime factors of j?
28463
Suppose 4*k = 4*b + 23896, -9547 = -4*k + 2*b + 14349. What are the prime factors of k?
2, 29, 103
Suppose 2*n = -0*n + 12. Suppose 11*y = -n*y + 7429. List the prime factors of y.
19, 23
List the prime factors of (7 - (-87876)/9)*(-4)/(-3).
2, 3257
Let q = -290 - -472. Suppose 9*u - 11*u = -q. Suppose -5*l + 344 = -u. What are the prime factors of l?
3, 29
What are the prime factors of (1 + (6/(-12) - -1))/((-2)/(-42972))?
3, 3581
Suppose 3*c - 68539 = -4*w, -3*w + 29*c - 31*c = -51404. List the prime factors of w.
2, 13, 659
List the prime factors of (-13)/(52/(-29072)) + (-1 - 4).
3, 269
Let r(d) = -78*d + 14. Let i be r(-7). Suppose -9*g + 13*g + i = 0. What are the prime factors of (-10980)/g - 1/(7/3)?
2, 3, 13
Let f(r) = 2*r**3 + 23*r**2 + 33*r + 7. Let g be f(-14). Let k = -725 - g. What are the prime factors of k?
2, 5, 71
Let a(r) = 28*r - 31. Let s be a(8). Suppose 5*g - s = g + 5*v, 0 = g + 3*v - 61. Suppose 464 = 3*n - g. List the prime factors of n.
2, 43
Suppose 5*s - 2*o - 225 = 0, 0*o - 5 = -o. Suppose -5*d + 187 = s. List the prime factors of d.
2, 7
Suppose -36*n + 11*n = -75. Suppose -4*w = -2*t - 1900 - 550, 5*w = n*t + 3061. What are the prime factors of w?
2, 307
Suppose -c = y - 4305, -12915 = -2*c - c + 5*y. Suppose 6*s - c = -675. What are the prime factors of s?
5, 11
What are the prime factors of 3/7 - (-11341)/(-154)*-46?
2, 7, 11
List the prime factors of ((-158)/3)/(32723/13158 - 15/6).
3, 17, 79
Let w(b) = 1243*b + 2593. List the prime factors of w(18).
24967
Suppose 5*t + 29083 = 204923. List the prime factors of t.
2, 7, 157
Suppose 231*v = -z + 229*v + 227, 2*v - 665 = -3*z. What are the prime factors of z?
3, 73
Suppose -k = 4*t - t + 4, -31 = -5*k + 2*t. Suppose -23 = -k*x - 238. Let m = 14 - x. List the prime factors of m.
3, 19
Let i(d) = 2*d**2 - 21. Let f be i(4). Suppose 481 + 2610 = f*c. What are the prime factors of c?
281
Let c = 213366 + -147976. What are the prime factors of ((-8)/6)/(c/6540 + -10)?
2, 109
Let n(q) = q**3 + 8*q**2 + 3. Let b be n(-8). Let k be ((-82)/4)/(b/(-6)). Suppose -4*i + 43 = -k. What are the prime factors of i?
3, 7
Suppose -3*p = -5*q - 8*p - 665, -3*q = 4*p + 403. Let w be ((0 - 2 - 0) + q)*-2. Suppose -4*t - w = -3*d, -4*d + 4 = -5*t - 344. List the prime factors of d.
2, 41
Suppose 3*p - g - 32644 = 0, 0 = -18*p + 4*g + 254356 - 58500. What are the prime factors of p?
2, 5, 17
Let a = 33660 - 26473. List the prime factors of a.
7187
Suppose 5*j + 4*d - 46138 = 0, 0 = -4*j - 7*d + 4*d + 36910. Suppose -j = -29*k - 120. List the prime factors of k.
2, 157
Let q(k) = 2131*k**3 - 5*k**2 + 18*k - 26. Let b(s) = -710*s**3 + 2*s**2 - 6*s + 9. Let n(g) = 8*b(g) + 3*q(g). What are the prime factors of n(1)?
2, 3, 7, 17
Let j(o) = 178*o**2 + 331*o + 9. What are the prime factors of j(-12)?
3, 31, 233
Let y(v) = -1025*v - 1014. List the prime factors of y(-7).
61, 101
Suppose -14*y - 76624 = -4*y - 333614. List the prime factors of y.
31, 829
Suppose 0 = -4*s - 3*w + 9625, s - 13*w - 2410 = -15*w. Suppose -s = -4*r + 60. List the prime factors of r.
2, 7, 11
Suppose 3*y - 1207 = -136. Let z = y + -126. List the prime factors of z.
3, 7, 11
Let r = -45 + 49. Suppose -803 = -3*n - r*l, -n + 12*l + 271 = 10*l. List the prime factors of n.
269
Suppose -f - 32058600 = -79*f - 447*f. List the prime factors of f.
2, 17, 449
Let n = 33305 - 20053. What are the prime factors of n?
2, 3313
Suppose -d + 20 = 5. Suppose -d = 3*t, 5*t - 15 = -5*m - 5. Suppose -524 = -m*x + 78. What are the prime factors of x?
2, 43
Suppose -5*g - 5 = 3*t - 37, -4*t + g + 35 = 0. Suppose -t*x - x = -5970. List the prime factors of x.
3, 199
Suppose -3*l - 4*r + 10730 = 0, -3*l = -l - 3*r - 7125. What are the prime factors of l?
2, 3, 5, 7, 17
Let d(g) be the first derivative of 13*g**2 + 156*g + 119. What are the prime factors of d(28)?
2, 13, 17
Let f = -656 - -998. What are the prime factors of f - (4 + 3 - (2 - -1))?
2, 13
Let v(z) = z**3 - 2*z**2. Let w be v(2). Suppose w*m = -3*m + 15, -m - 10 = -3*p. Suppose 1108 = p*c + 268. List the prime factors of c.
2, 3, 7
Let a(v) = -v**3 + 8*v**2 - 10*v - 9. Let c be a(6). Suppose 0 = -5*g - 5*s + 2260, -s = c*g + 25 - 1391. Let z = -310 + g. What are the prime factors of z?
3, 7
Suppose -378*y + 381*y = 34008. List the prime factors of y.
2, 13, 109
List the prime factors of (-270164)/(-85)*10/4.
2, 29, 137
Let d = -102 + 104. Suppose 3*s = -d*s - 330. Let o = s + 69. What are the prime factors of o?
3
Let r(y) = y + 2. Let b be r(-3). Let l = 429 + -431. List the prime factors of 1824/6*b/l.
2, 19
Let l = 833 + 205. Let b = 1875 - l. What are the prime factors of b?
3, 31
Let x(o) be the third derivative of -o**6/120 - o**5/12 - 5*o**4/24 - o**3/3 - o**2. Let h be x(-4). Suppose 8 = -h*m + 24. What are the prime factors of m?
2
Suppose -7*g + 19047 = -30267 - 16402. List the prime factors of g.
2, 2347
Let v = 13602 - 8069. What are the prime factors of v?
11, 503
Let r(d) = -d**3 + 9*d**2 - 14*d + 16. Let w be r(7). What are the prime factors of ((-176)/(-4))/(w/56)?
2, 7, 11
Suppose -c = -0*c + 5*a - 3, -3*a = -c + 11. Suppose i + 4*d - c*d = 589, i = -d + 589. What are the prime factors of i?
19, 31
Suppose -t + 92481 = h - 5*t, 5*t - 184962 = -2*h. List the prime factors of h.
3, 29, 1063
Suppose -1566913 = -170*d + 6353047. List the prime factors of d.
2, 19, 613
Let c(v) = 193*v - 20. Let o(d) = -64*d + 7. Let a(i) = 6*c(i) + 17*o(i). Let j be (-2)/((-8)/(-2)) - (-27)/108*14. What are the prime factors of a(j)?
11, 19
List the prime factors of -6*6/(-24) - 34610/(-4).
2, 4327
Let s(w) = -w**2 - 17*w + 156. Let i be s(-37). Let c = 1001 + i. List the prime factors of c.
3, 139
Let m be (-4)/54 + (-26845)/2457. Let a(l) = 4*l**2 - 33*l - 100. List the prime factors of a(m).
3, 83
Let w(x) = x**2 + 18*x + 15. Let h be w(-17). List the prime factors of (h + (-48)/(-9))*399/7.
2, 5, 19
Let c = 28731 - 16122. List the prime factors of c.
3, 467
Let c(m) = -30*m**3 - 5*m**2 + 4*m - 5. Let r be c(2). Let y = r + 830. List the prime factors of y.
3, 191
Let a(m) = 12321*m + 149. What are the prime factors of a(4)?
49433
Let n be 6/10*(9 - 4). Suppose -5*l = u - 106, -2*l - n*l = 0. Let p = -63 + u. What are the prime factors of p?
43
Let y 